prime factors of z?
2, 3, 7
Suppose 507 = 2*k - m, 8*k + 5*m - 741 = 5*k. Suppose -3*j + 3*s + 774 = -0*s, 4*s + k = j. List the prime factors of j.
2, 5, 13
Let b(t) = 4*t**2 + 3*t + 1. Let v = 80 - 44. Let y = v - 37. What are the prime factors of b(y)?
2
Suppose 7*v = -0*v + 39998. Suppose 24*q = 15910 + v. List the prime factors of q.
17, 53
Let u = 20454 + 16234. List the prime factors of u.
2, 2293
Let v(y) = -12*y**3 - 13*y**2 + 16*y + 121. List the prime factors of v(-9).
2, 7, 137
Let l(n) = -n**2 - 12*n - 31. Let s be l(-3). Let d(y) = -4*y**3 + 5*y**2 + 4. What are the prime factors of d(s)?
2, 5, 17
Suppose -25*d = 10232 - 457. Let j = 723 + d. What are the prime factors of j?
2, 83
Suppose 0 = -c, 3*c - 404 = 7*k - 11*k. Let r = -4 + k. What are the prime factors of r?
97
Let y be (-25)/15 - 14/(-21). Let q(v) = 53*v + 3. Let b be q(-2). What are the prime factors of 0 - b - 1/(-1)*y?
2, 3, 17
Suppose 3*w - 130131 = 22*x - 25*x, -x + 5*w + 43371 = 0. What are the prime factors of x?
2, 2711
Suppose 31*t - 318868 = -19*t + 374482. List the prime factors of t.
7, 283
Let j = 9763 - 5380. List the prime factors of j.
3, 487
What are the prime factors of ((-686)/42 - -17)*(2522268/8)/7?
3, 10009
Let a = 15 - 0. Suppose y + a - 54 = 0. What are the prime factors of y - 6*(-4)/8?
2, 3, 7
Suppose 5*f - 24 = h - 3*h, -2*f + 14 = 3*h. Let a(x) = 7*x**2 + 3*x + 8*x**2 + 2 + 5*x**2 - 10*x**2 - 4. List the prime factors of a(h).
2, 11
Suppose 7*d = 41 - 6. List the prime factors of (-10)/(-15)*69 - (-25)/d.
3, 17
Suppose -144 = -25*u + 181. Let t(o) = 61*o + 33. List the prime factors of t(u).
2, 7, 59
Let m(p) = 2*p**2 - 13*p + 20. Let w(d) = 7*d**2 - 54*d + 81. Let a(k) = 11*m(k) - 3*w(k). What are the prime factors of a(17)?
19, 31
Suppose -28*f - 32 = -24*f. Let n be 2/(f/(-15) + (-1)/3). Suppose -15*r + n*r = -535. List the prime factors of r.
107
Suppose -3*x = -d - 4334, -d = 3*x + 2856 - 7198. What are the prime factors of x?
2, 3, 241
Let i = -608 - -1261. Suppose -8*f - 1705 - 1535 = 0. Let j = f + i. What are the prime factors of j?
2, 31
Let r(s) be the third derivative of s**5/60 - s**4/6 + 5*s**3/3 - 155*s**2. Let y = 25 - 12. List the prime factors of r(y).
127
Let d(z) be the first derivative of -402*z**2 - 34*z - 125. What are the prime factors of d(-1)?
2, 5, 7, 11
Let j = -230 + 162. Let r = j - -50. List the prime factors of (28/36 - 1) + (-2236)/r.
2, 31
Let y be 24/(-32) + (-3)/(-4). Suppose f - 2*a - 193 = y, 4*f + a = 169 + 603. What are the prime factors of f?
193
What are the prime factors of (-9)/24 + (-972090)/(-1008)?
2, 241
Let q = 982 + -767. Let y(n) = -10*n**3 - n**2 - 2*n + 1. Let d be y(2). Let l = q + d. What are the prime factors of l?
2
Suppose -c + 4 + 1 = 5*v, -3*v = -5*c - 31. Let r(o) = 23*o + 19*o - 63*o - v + 14*o. What are the prime factors of r(-11)?
3, 5
Suppose 53*f - 2*m = 48*f + 32166, -4*f + 2*m + 25734 = 0. What are the prime factors of f?
2, 3, 67
Let x(t) = 4*t**2 - 9*t + 50. Let l be x(16). Let y = l + -504. What are the prime factors of y?
2, 3, 71
Let q = 64784 - 15877. What are the prime factors of q?
48907
Let d(o) = o**3 - 2*o**2 + 32*o - 123. What are the prime factors of d(16)?
29, 137
Let j(p) = 20*p - 24. Let c(a) = a. Let v(o) = -4*c(o) - j(o). Suppose 0 = 2*m + 5*h - 13 + 24, 3*m - 3*h = -27. What are the prime factors of v(m)?
2, 3
Let v be (80/(-25) - -2)/(6/(-2085)). Let x = v + 979. What are the prime factors of x?
2, 349
Suppose 24 = -3*a + 4*a - 5*o, -2*a - 3*o = 4. List the prime factors of 1246/a - (7 + (-102)/12).
313
Suppose 0 = -3*f - 5*g - 115, -g + 4*g = 2*f + 102. Let o = -41 - f. Suppose o*t = -4*h + 113 + 147, -339 = -5*h + 2*t. What are the prime factors of h?
67
Let s(b) = 50*b + 61. Let x be s(13). Let h = 1800 - x. List the prime factors of h.
3, 11
Suppose 18*r + 9273 = 74631. Suppose r + 17607 = 14*l. List the prime factors of l.
37, 41
Let j(p) = -185*p + 1. Let f(z) = 185*z - 1. Let x(l) = 6*f(l) + 7*j(l). Let d(g) = -37*g. Let k(o) = -11*d(o) + 2*x(o). What are the prime factors of k(6)?
2, 7
Let f = -159 - -301. Let p = f + -105. List the prime factors of p.
37
Let b = 119 - 118. Let d(y) = 99*y**2 - 6*y + 1. List the prime factors of d(b).
2, 47
Let l = -3793 - -9217. What are the prime factors of l?
2, 3, 113
Suppose 1 = 2*f + 9. Let i be (-4 - 18/f)*0. Suppose 3*w - 12*w + 936 = i. List the prime factors of w.
2, 13
List the prime factors of -6*11806/(-12) + -6.
5897
List the prime factors of (-101 - -20)/(((-2)/174)/1).
3, 29
Suppose 0 = -11*k - 44531 + 123445. List the prime factors of k.
2, 17, 211
Let u = -884 - -1534. Let z = 996 - u. List the prime factors of z.
2, 173
List the prime factors of ((-2288)/(-11))/(-13) - -8136.
2, 5, 7, 29
Let v(o) = -o**3 - 2*o**2 - 6*o - 5. Let w be v(-10). Suppose 5*a - w = 6*k - 2*k, k + 684 = 4*a. What are the prime factors of a?
3, 19
Let w be 0 + (-44104)/(-6) - 44/66. List the prime factors of 16/(-12) + (w/(-9))/(-5).
2, 3
Let i = -46 - -50. Let b be (-1)/(i/(-1072)) - (-2 - 1). Suppose 657 = 2*p + b. What are the prime factors of p?
193
Let y be (130/(-30) - -4)/((-1)/9). Suppose -6*l - 2480 = -5*s - y*l, 993 = 2*s - l. List the prime factors of s.
499
Let a(u) = 183*u**3 + 2*u - 1. Let i be a(1). Suppose -z - i = -274. What are the prime factors of z?
2, 3, 5
Let a(l) = -34*l - 109. Let o be a(14). Let z = -88 - o. What are the prime factors of z?
7, 71
Suppose 5*n = -3*y - 340, 5*n + 4*y = -304 - 41. Let x be 1/(-3) - n/15. Suppose x*c = q - 15, 0 + 1 = c. What are the prime factors of q?
19
Let m(y) = -75*y**3 - 40*y**2 - 173*y - 18. List the prime factors of m(-9).
2, 3, 109
Suppose -3*z - 2*u + 78148 = -2561, -4*z + 107626 = 5*u. List the prime factors of z.
37, 727
Let g = -19 + 19. Suppose o - 372 - 476 = -4*m, g = 4*m + 3*o - 840. Let c = -47 + m. List the prime factors of c.
2, 83
Let j(o) = o**2 - 37*o + 48. Let a be j(34). Let p = a + 267. What are the prime factors of p?
3, 71
Let x = 3 - 2. Let q = 2578 - 2643. What are the prime factors of 2/(-2)*x*q?
5, 13
List the prime factors of (-624 + 268)*(-167)/(-4)*-1.
89, 167
Suppose -p + 3*i + 34798 = 0, p = 6*p + 5*i - 173850. What are the prime factors of p?
83, 419
Let b = 422 + -429. What are the prime factors of b/(-182)*4 - 9642/(-26)?
7, 53
Let h(q) = -10*q**3 - 20*q**2 - 18*q + 57. Let z(w) = -13*w**3 - 19*w**2 - 18*w + 56. Let n(b) = -4*h(b) + 3*z(b). What are the prime factors of n(-17)?
2, 3, 19
Suppose 236*n - 234*n + 7431 = 49955. What are the prime factors of n?
2, 10631
List the prime factors of (2 - 1172/16)/((-10)/((-9600)/(-9))).
2, 5, 19
Suppose -40*p - 8819 - 22717 = -88*p. List the prime factors of p.
3, 73
Let u = -377 + 373. What are the prime factors of u/6*-1*993/2?
331
Suppose g + 31 = 48. Suppose -79 = -4*l + g. Suppose f + 3*f - l = 0. List the prime factors of f.
2, 3
Suppose u - 23 = 5*n, -u + 19 = 3*n - 7*n. Suppose -4 = -g, -u*l + 4*l - 375 = -4*g. What are the prime factors of l?
359
Let p(d) = -68*d + 61. Let z(x) = 34*x - 31. Let c(n) = -3*p(n) - 5*z(n). What are the prime factors of c(7)?
2, 3, 5, 7
Let i(y) = -11*y + 35*y + 20 + 3*y + 2*y**2. Let q be i(-13). Suppose 594 + 190 = q*u. List the prime factors of u.
2, 7
Suppose 569 = d - g, 0 = -5*d + 4*g - 8*g + 2881. Suppose 1651 - d = 7*u. What are the prime factors of u?
2, 7, 11
Let j(b) = 259*b**2 - 102*b + 666. List the prime factors of j(7).
47, 269
Suppose -2*m + 13*a = 16*a - 25320, -5*a = 5*m - 63295. Suppose -3762 = 5*x - m. List the prime factors of x.
3, 593
List the prime factors of (-1445)/170*(-73 - (-3 + 0)).
5, 7, 17
Let q = 727 + -621. Suppose 2*z = 9*r - 5*r + 106, 0 = 2*z - 3*r - q. List the prime factors of z.
53
Let b be (-1)/(2/40*-5). Suppose b*r = -5*y + 4454, -y - 2666 = -4*y - 4*r. What are the prime factors of y?
2, 3, 149
Suppose 2*a = 3*r + 3*a + 66, 2*r + 44 = -a. Let v = -2185 - -2228. Let l = r + v. List the prime factors of l.
3, 7
Suppose -11*q + 12*q = 2*q - 1529. What are the prime factors of q?
11, 139
Suppose -2793*i + 2802*i = 251694. List the prime factors of i.
2, 3, 59, 79
Let j(a) = 160*a**2 + 20*a - 39. List the prime factors of j(6).
3, 11, 59
Suppose -11*v + 69526 = -5*t, 12*v - 8*v + 5*t = 25289. List the pr